2*(-1)/1026)?
3, 19
Suppose 33*g - 30*g - 66 = 0. List the prime factors of (-67)/((-1)/(-6) + (-11)/g).
3, 67
Let x = 202 + -134. Let r = x - -5. What are the prime factors of r?
73
Let x = 697 + -429. Let u = 383 - x. What are the prime factors of u?
5, 23
Let h(p) = -60*p**3 + p**2 + 3*p + 3. List the prime factors of h(-4).
3847
Let l be 460/15 - 4/6. Let w = l + 32. Let x = -40 + w. What are the prime factors of x?
2, 11
Suppose -98*i = -804814 + 262972. What are the prime factors of i?
3, 19, 97
Let w(t) = 8*t - 107. What are the prime factors of w(26)?
101
Let h = -140 + 274. Suppose -3*c = o - 100 - h, 3*o = 0. List the prime factors of (c/9)/((-6)/(-9)).
13
Suppose 468*o - 471*o + 8997 = 0. List the prime factors of o.
2999
Suppose 5*d + 4 = 19. Let k = 1 + d. Let j(a) = 10*a - 1. List the prime factors of j(k).
3, 13
Let q(v) = 3*v**3 - 13*v**2 + 6*v. Suppose -6*n + 17 = -13. List the prime factors of q(n).
2, 5
Let b be (-3)/(-2) + 2/(-4). Suppose 2*w + b + 3 = 0. What are the prime factors of w/(-3 - -1) - -12?
13
Let v(l) = -l**2 + 7*l + 4. Let c be v(7). Suppose 0 = g - 2, -2*h - c*g + 296 = -0*g. What are the prime factors of h?
2, 3
Let f(i) = -11*i**3 + 4*i**2 + 3*i + 3. Suppose 0 = -8*a - 14 - 10. List the prime factors of f(a).
3, 109
Let p be 188/6*15/10. Let h be 1/4 - (-117)/(-4). Let x = p + h. What are the prime factors of x?
2, 3
Suppose -p - p = -5*z + 1, -3 = -p - z. Let h(u) = -12 - 4*u + 6*u**p + 6*u - 4*u - u**3. List the prime factors of h(5).
3
Suppose 2*n + 2*n + 50 = 5*h, 4*n - 4*h = -52. Let z(f) be the third derivative of -f**4/12 + f**3 - 131*f**2. List the prime factors of z(n).
2, 3
Suppose 0 = -4*f + 4*p + 528, -37 - 629 = -5*f - p. Suppose -9*s + 110 = -f. List the prime factors of s.
3
Let y(a) = -56*a - 26. What are the prime factors of y(-10)?
2, 3, 89
Let v = 123 - -535. List the prime factors of v.
2, 7, 47
Let y = 5277 - 1127. List the prime factors of y.
2, 5, 83
Let p be (109/(-3))/((-2)/12). Suppose -5*h + 356 = 4*g, -3*h + 0*g = -2*g - p. What are the prime factors of h?
2, 3
List the prime factors of (-2 + (-55)/10)*-78.
3, 5, 13
Let s = -25 + 30. Suppose -4*l + 17 = 3*c - 4*c, -s*c = 3*l - 30. What are the prime factors of c?
3
Let v(b) = b**2 + 4*b - 1. Let r be v(-5). Let g be (-2)/r*(-132)/2. Suppose 3*k - g - 9 = 0. List the prime factors of k.
2, 7
Suppose 5*g + 0*g = -5. Let z be ((-2320)/(-64))/(g/(-4)). Suppose 21 = -4*a + z. What are the prime factors of a?
31
Suppose -3*z = -3*o - 2295, 4*o + 0*o = -2*z + 1512. What are the prime factors of z?
2, 3, 127
Let s(m) = 117*m**3 - m**2 - 2*m + 1. What are the prime factors of s(2)?
929
Let t = -2455 + 4864. List the prime factors of t.
3, 11, 73
Suppose -3*y + 5*y = -4*v + 46, 2 = -v. Suppose 237 = 3*r + y. What are the prime factors of r?
2, 5, 7
Suppose 0 = -2*t + 18 - 2. Suppose 1757 = t*q - 523. What are the prime factors of q?
3, 5, 19
What are the prime factors of (-5028)/(-9) + 2/(-3)?
2, 3, 31
Let j be 0/2 - (18 - -3). Let s be (-108)/(-14) - 6/j. Suppose -5*a + 48 = s. List the prime factors of a.
2
Let m = -29 + 24. List the prime factors of (-19)/((-5)/m - 2).
19
Suppose 0 = -5*q - 5*w + 1655, w - 1318 = -3*q - q. List the prime factors of q.
7, 47
Let t(h) = -h**3 + h**2 - 2*h + 9. Let u be (-6)/(-3) + 4/(-2). Let k be t(u). Suppose -a - 2 = -3*i + 4, 5*a - k = 2*i. List the prime factors of i.
3
Suppose -y + 3 = -2. Let i(q) = 6*q + 19 - y*q + q**2 + 0*q. List the prime factors of i(0).
19
Let r(n) = 119*n**2 - 3*n - 2. Let q = -49 - -48. List the prime factors of r(q).
2, 3, 5
Let d = -37 - -40. List the prime factors of (-4 - 1)*(d + -22).
5, 19
Let w(i) = -8 + 2*i - 8 + 7. What are the prime factors of w(24)?
3, 13
Suppose -2*b - 12 = b. List the prime factors of (-4)/((-10)/b - 3).
2
Let x be 3132/21 + 2/(-14). Let n = -97 + x. What are the prime factors of n?
2, 13
Let z(g) = -g**2 - 2*g + 5. Let m be z(-5). Let v be (m/(-12))/((-3)/(-18)). Suppose -v*n + 35 = 5. What are the prime factors of n?
2, 3
Let h(o) = o**2 + 8*o + 4. Suppose 28 = -2*w - 2*w. Let d be h(w). Let u = 25 + d. List the prime factors of u.
2, 11
Suppose -14*g + 17*g = 0. Suppose 0 = -5*s - 2*q + 151, -5*q = -4*s - g*s + 134. List the prime factors of s.
31
Let s = 12 - 8. Suppose 2*o + s*h = 28, h + h = -3*o + 22. Suppose o*y - 2*y - 38 = 0. List the prime factors of y.
19
Suppose -25*k + 7*k = -11268. List the prime factors of k.
2, 313
Let s = 49 + -44. Suppose 0 = -3*v + s*v - 128. What are the prime factors of v?
2
What are the prime factors of (2664/8 + -5)/2?
2, 41
Let b = -32 + 34. Suppose -207 = -3*p + 4*m + 419, 0 = b*p + 5*m - 448. List the prime factors of p.
2, 107
Let n(u) = -u**2 + 6*u**2 - 5*u**2 - u**2 - 13*u + 3. Let h be n(-7). List the prime factors of ((-32)/2)/((-30)/h).
2, 3
Let w(i) = i**3 - 7*i**2 + 15*i - 2. Suppose 0 = 3*a - 4*a - 1, -31 = -5*c + a. List the prime factors of w(c).
2, 13
Suppose -4*s - 2*u + 23416 = 0, 8*u = 12*u + 16. What are the prime factors of s?
2, 3, 61
Let q = -491 - -1569. What are the prime factors of q?
2, 7, 11
Let n(g) = -g**3 + 12*g**2 - 10*g + 5. Suppose 3*p + 0*v = v + 33, -3*p = -5*v - 33. What are the prime factors of n(p)?
2
Suppose 7 + 9 = 4*d. Suppose 0 = -d*o + o + 15. Suppose 2*r - o = 13. What are the prime factors of r?
3
Suppose 0 = -2*m - 3*m - 25. Let y(c) = c**2 + 4*c - 2. Let o be y(m). Suppose -o*a + 113 + 61 = 0. List the prime factors of a.
2, 29
Suppose m + 6 = 3*m. Let h(l) = -4*l - 2*l**2 + l**m + l**2 + 3*l - 3. List the prime factors of h(3).
2, 3
Suppose -62*n = -4*g - 60*n + 4986, -1239 = -g - n. List the prime factors of g.
2, 311
Let a(q) = q**2 + 12*q + 6. Let h be a(-10). Let r = h + 10. Let z(x) = -x + 3. What are the prime factors of z(r)?
7
Let s(m) = m**2 + 6*m - 162. What are the prime factors of s(-22)?
2, 5, 19
Let l(q) = 8*q - 1. Let g be l(2). Let u = -7 + g. Suppose 2*y + s = 6*y - 13, y = 4*s - u. What are the prime factors of y?
2
Let k be -3 + ((-4)/(-4) - 14). Let j = 83 - k. Suppose 2*w + 3*u = -w + j, -3*w - 5*u = -105. List the prime factors of w.
2, 3, 5
Let u(x) = 10*x**2. Let p(q) = -9*q**2. Let y(j) = 2*p(j) + 3*u(j). Let l be y(1). Suppose -11 = -c + l. List the prime factors of c.
23
Let b(z) = -68*z - 1. Let o be b(-2). Suppose -5*h + 163 = 2*t - 4*t, -5*h = 5*t - o. List the prime factors of h.
31
Let w(n) = -2*n**3 - 12*n**2 + 18*n + 69. List the prime factors of w(-9).
3, 131
Suppose -v - 4*t = -222, 0*v + 2*v - 472 = -t. What are the prime factors of v?
2, 7, 17
Let b = 14 + -11. Suppose -p - f - 9 = 0, -b*p + 5*f - 64 - 3 = 0. Let g = 28 + p. List the prime factors of g.
2, 7
What are the prime factors of 2*5*2/(8/172)?
2, 5, 43
Let y(m) = -2*m**2 - 4*m + 1. Let q be 2/3*48/(-8). Let r be y(q). Let a(l) = l**2 + 14*l + 9. What are the prime factors of a(r)?
2, 3
Let z = -9 - -16. Let c be (z + -4)*1 - -9. Let q = 18 - c. What are the prime factors of q?
2, 3
Suppose u = 0, 0 = 4*m + 4*u - 47 + 263. List the prime factors of (-6)/(-4)*(-6660)/m.
5, 37
Suppose 25*k = 29*k - 3620. List the prime factors of k.
5, 181
Let m(a) be the second derivative of -a**3/6 + 39*a**2 + 10*a. What are the prime factors of m(0)?
2, 3, 13
Suppose -722 = -5*a + 2248. List the prime factors of a.
2, 3, 11
Let w be 3/(24/(-76)) + (-9)/(-6). Let c(n) = -n**3 - 6*n**2 - n - 6. List the prime factors of c(w).
2, 5, 13
Suppose -50*s = -47*s - 12. List the prime factors of -1 - -184 - (s - 2).
181
Let a(v) = 13*v - 6 - 32*v - 2. What are the prime factors of a(-2)?
2, 3, 5
Let h = -8 - -7. Let o(s) be the third derivative of -s**6/5 - s**4/24 - 9*s**2. What are the prime factors of o(h)?
5
Let j(s) = -s**3 - 2*s**2 + 20*s - 68. List the prime factors of j(-13).
1531
Let y = 254 + 1. List the prime factors of y.
3, 5, 17
Let v = -8 - -26. Let x = 12 + v. List the prime factors of x.
2, 3, 5
Suppose 0 = 4*p - 4 - 8. Let h(q) = 16*q**2 - q + 1. Let v be h(1). Let m = v + p. What are the prime factors of m?
19
Let x be (12/14)/((-4)/(-1932)). Suppose u - 41 - 47 = -5*c, x = 5*u - c. What are the prime factors of u?
83
Let u = -52 + 79. Suppose -u + 7 = -5*j, -3*g + 736 = -2*j. What are the prime factors of g?
2, 31
Let t(n) = -n**2 + 13*n + 11. Let h be t(11). Le